. Determine m(15).
-9
Let j(v) = -1781*v**2 + 10700*v + 25. What is j(6)?
109
Let d(q) = 13*q**3 + 178*q**2 + 3*q + 69. What is d(-14)?
-757
Let v(y) = -y**2 + 172*y - 7676. Give v(99).
-449
Let c(f) = -3*f**3 + 553*f**2 - 749*f + 3104. What is c(183)?
-7
Let g(q) = -89*q - 23590. Determine g(-267).
173
Let i(o) = -14046*o - 1966421. What is i(-140)?
19
Let s(u) = u**3 + 13*u**2 - 84*u - 1279. Give s(-11).
-113
Let o(v) = -45*v**3 + 629*v**2 + 77*v - 859. Determine o(14).
23
Let n(c) = -c**2 - 183*c + 13381. What is n(56)?
-3
Let s(v) = -112*v**2 - 14631*v + 5459. Determine s(-131).
88
Let a(h) = h**2 - 480*h + 58434. What is a(201)?
2355
Let d(x) = -2*x**3 + 45*x**2 + 122*x - 3094. Determine d(22).
74
Let t(d) = 4550*d - 31677. Calculate t(7).
173
Let d(s) = s**3 + 85*s**2 - 250*s + 1130. Give d(-88).
-102
Let v(z) = 67*z**3 + 267*z**2 - 11*z - 30. Give v(-4).
-2
Let d(a) = -1826*a + 25663. Determine d(14).
99
Let n(u) = -u**3 + 34*u**2 - 3305*u + 87844. Calculate n(28).
8
Let f(s) = s**3 - 14*s**2 - 38*s + 50. Determine f(13).
-613
Let o(c) = 7*c**2 - 402*c - 1203. What is o(-3)?
66
Let i(y) = 6*y**3 + 8*y**2 + 5*y - 26. What is i(-5)?
-601
Let u(a) = -a**3 + 43*a**2 + 381*a - 16274. Determine u(43).
109
Let v(k) = -599*k + 6805. Calculate v(8).
2013
Let y(s) = 13*s**2 - 13*s + 73. Give y(8).
801
Let a(x) = 19*x**2 + 529*x + 3542. Give a(-11).
22
Let j(r) = 5496*r + 11017. Calculate j(-2).
25
Let j(d) = -5905*d - 29519. What is j(-5)?
6
Let h(d) = -28*d**2 - 4590*d + 462. Determine h(-164).
134
Let r(k) = -k**3 + 8*k**2 - 25434*k + 203475. Determine r(8).
3
Let i(w) = -169485*w - 677937. Determine i(-4).
3
Let c(w) = -162*w**2 - 2417*w - 84. Calculate c(-15).
-279
Let k(c) = -55*c**2 - 1935*c - 2233. Calculate k(-34).
-23
Let b(t) = -97*t**3 + 1259*t**2 + 37*t - 139. Determine b(13).
4
Let n(y) = 2*y**2 + 448*y - 14640. Give n(29).
34
Let x(m) = 5*m**3 + 462*m**2 + 1440*m + 115580. Calculate x(-92).
28
Let r(p) = -p**3 - 196*p**2 - 9*p - 1072. Give r(-196).
692
Let y(n) = -57*n**2 - 7631*n - 169. What is y(-134)?
-1107
Let d(o) = -6*o**3 - 8*o**2 - 17*o + 9. Determine d(4).
-571
Let s(t) = t**3 + 73*t**2 - 389*t - 6177. Determine s(-77).
60
Let a(o) = 150*o**3 + 38*o**2 + 24*o - 15. Determine a(-1).
-151
Let g(n) = -n**2 - 2443*n + 17161. Determine g(7).
11
Let u(k) = 35*k**3 + 4*k**2 - 21*k - 125. Determine u(5).
4245
Let l(c) = -4*c**2 + 433*c + 1890. Give l(116).
-1706
Let m(o) = 3590*o - 757520. Give m(211).
-30
Let p(a) = 242*a**2 - 4346*a + 41. Determine p(18).
221
Let b(n) = -250*n - 349278. Calculate b(-1397).
-28
Let b(c) = -15*c**2 - 730*c + 785. What is b(-50)?
-215
Let h(l) = 3289*l + 16483. Determine h(-5).
38
Let l(s) = -65*s**2 + 3338*s + 707. Give l(51).
1880
Let l(c) = 3683*c - 25852. Determine l(7).
-71
Let f(q) = -q**3 - 103*q**2 + 5177*q + 196. What is f(-140)?
616
Let d(o) = -2*o**2 + 86*o - 878. Calculate d(21).
46
Let c(i) = -1825*i + 375919. What is c(206)?
-31
Let r(f) = 3*f**2 + 3658*f + 648581. Give r(-1004).
-3
Let y(j) = 2*j**3 - 118*j**2 - 136*j + 391. What is y(60)?
-569
Let f(y) = 14*y**2 + 368*y + 2103. What is f(-18)?
15
Let u(z) = 20955*z - 5133967. Determine u(245).
8
Let b(r) = -r**3 - 19*r**2 - 86*r - 2044. What is b(-21)?
644
Let p(x) = 636*x + 16535. Calculate p(-26).
-1
Let g(l) = l**3 - 89*l**2 - 49329*l - 1276. Calculate g(-182).
-2
Let z(y) = -562*y**2 + 29*y - 31. Calculate z(1).
-564
Let x(k) = 1166*k + 512243. Calculate x(-439).
369
Let x(g) = -571*g + 9388. Give x(14).
1394
Let n(d) = 22*d**3 - 28*d**2 - 108*d - 6. Determine n(4).
522
Let a(d) = 2799*d - 1852938. Determine a(662).
0
Let z(k) = k**2 - 502*k - 40028. Give z(-70).
12
Let b(p) = -1110*p + 97716. Give b(88).
36
Let j(d) = 2*d**3 + 10*d**2 - 98*d - 1035. What is j(-12)?
-1875
Let s(k) = -4619*k - 3801436. What is s(-823)?
1
Let n(b) = 97*b**2 + 1328*b + 66. What is n(-14)?
486
Let z(s) = -652*s - 2115. Give z(-4).
493
Let g(w) = 79*w**2 - 16*w - 40. What is g(-2)?
308
Let z(u) = u**3 + 15*u**2 + 626*u + 7856. Give z(-13).
56
Let s(i) = 3*i**3 + 16*i**2 + 76*i + 16. Determine s(-4).
-224
Let p(o) = o**3 - 21*o**2 + 238*o - 6555. Determine p(23).
-23
Let s(n) = -7*n**2 - 166*n - 588. Determine s(-13).
387
Let g(q) = 4*q**2 + 1399*q + 6532. What is g(-345)?
-23
Let u(o) = -21*o**3 - 88*o**2 + 26*o + 167. What is u(-4)?
-1
Let p(k) = -k**2 + 116*k + 175547. Determine p(-365).
-18
Let u(i) = -2*i**3 + 339*i**2 + 422*i - 99874. Give u(169).
5
Let g(s) = -s**3 - 90*s**2 + 5891*s + 108. Give g(-134).
778
Let c(g) = 134*g + 16473. Determine c(-122).
125
Let n(d) = -8*d**2 + 912*d + 18624. What is n(132)?
-384
Let m(b) = -8585*b - 2609829. Give m(-304).
11
Let h(x) = -2*x**2 + 254*x - 3393. Determine h(15).
-33
Let p(y) = 2*y**2 + 3247*y - 116098. Determine p(35).
-3
Let j(b) = -b**3 + 18*b**2 - 716*b + 6063. Give j(9).
348
Let w(x) = 15*x**2 + 358*x - 18. Calculate w(-25).
407
Let a(w) = 19*w**2 + 369*w + 484. Determine a(-18).
-2
Let c(m) = 553*m - 77737. Determine c(141).
236
Let t(r) = 2*r**2 + 946*r - 66367. Calculate t(62).
-27
Let v(i) = -i**2 - 241*i - 7775. Give v(-208).
-911
Let u(p) = 1899*p + 60874. Calculate u(-32).
106
Let h(y) = 154*y + 1549. Calculate h(-11).
-145
Let q(m) = m**3 + 20*m**2 - 44*m - 1032. Determine q(-17).
583
Let n(y) = -y**2 - 102*y - 571. Calculate n(-30).
1589
Let i(f) = -f**3 + 34*f**2 + 24*f - 152. Give i(34).
664
Let a(y) = -y**3 - 17*y**2 + 538*y + 62. Calculate a(16).
222
Let t(n) = 15*n**2 - 439*n + 8061. Calculate t(19).
5135
Let i(v) = -2*v**3 + 2161*v**2 + 16294*v + 28285. Determine i(1088).
-3
Let o(f) = f**3 - 14*f**2 - 269*f + 1235. Calculate o(4).
-1
Let n(d) = -37835*d + 1475577. Determine n(39).
12
Let p(b) = -2*b**2 - 275*b + 1011. Calculate p(4).
-121
Let n(y) = 105067*y + 630404. What is n(-6)?
2
Let a(n) = -6*n**3 + 59*n**2 + 62*n - 1162. Give a(8).
38
Let x(n) = -n**2 - 394*n - 27183. Calculate x(-89).
-38
Let y(l) = -253276*l + 506606. Give y(2).
54
Let g(k) = 1254*k + 65204. Give g(-52).
-4
Let l(r) = 2*r**3 + 18*r**2 - 270*r - 750. Give l(-16).
-14
Let z(h) = h**3 - 50*h**2 + 554*h + 428. Give z(18).
32
Let k(t) = t**3 + 26*t**2 + 114*t + 5852. Calculate k(-29).
23
Let q(w) = -3*w**3 - 47*w**2 - 314*w - 153. Give q(-6).
687
Let m(z) = -z**2 + 2028*z - 986185. Give m(1219).
-14
Let a(f) = -107*f**2 + 35*f + 34. Give a(-1).
-108
Let m(d) = 7*d**3 - 46*d**2 - 179*d + 1309. Calculate m(7).
203
Let f(z) = -1644*z + 16912. Determine f(9).
2116
Let x(l) = 638*l + 7630. Calculate x(-12).
-26
Let z(a) = -2*a**2 + 4291*a + 331. Give z(0).
331
Let z(w) = w**3 - 45*w**2 - 4232*w + 188139. What is z(44)?
-5
Let s(n) = -29405*n + 88169. Calculate s(3).
-46
Let x(b) = -b**3 - 5*b**2 + 11115*b + 66660. Calculate x(-6).
6
Let a(u) = -2*u**3 + 133*u**2 - 670*u - 77. Calculate a(61).
-16
Let z(w) = -532*w**2 - 4774*w + 122. Calculate z(-9).
-4
Let o(r) = 387*r + 5924. What is o(-15)?
119
Let a(n) = -n**3 + 205*n**2 + 4*n - 2006. Determine a(205).
-1186
Let g(w) = -35543*w + 3163328. Give g(89).
1
Let l(x) = 29*x**2 - 62*x + 55. Give l(1).
22
Let n(q) = q**3 - 490*q**2 + 102*q + 189179. Determine n(489).
-64
Let y(d) = -d**3 - 25*d**2 - 320*d - 566. Give y(-9).
1018
Let n(a) = 6*a**2 + 13199*a - 172595. Determine n(13).
6
Let m(b) = 12*b**2 + 2107*b + 90191. Determine m(-101).
-204
Let i(k) = 903*k + 1893. What is i(-2)?
87
Let o(b) = 12*b**3 + 241*b**2 + 441*b - 179. What is o(-18)?
-17
Let h(y) = -16*y**2 - 592*y + 2952. Calculate h(5).
-408
Let q(z) = 25246*z - 100983. Calculate q(4).
1
Let q(t) = t**3 - 269*t**2 + 5069*t + 34466. Give q(248).
-6
Let w(r) = -571*r + 17705. Give w(31).
4
Let k(m) = 28*m**2 + 31982*m + 70659. What is k(-1140)?
-21
Let g(w) = -33*w**3 + 9*w**2 + 48*w + 91. Calculate g(-2).
295
Let x(u) = 7*u**2 - 2798*u + 240368. Give x(125).
-7
Let r(s) = -26*s**2 - 1303*s - 54. Calculate r(-50).
96
Let c(i) = 1752*i - 1904424. What is c(1087)?
0
Let w(z) = 3649*z - 273797. What is w(75)?
-122
Let g(y) = y**3 + 68*y**2 - 236*y - 6616. What is g(-70)?
104
Let f(a) = a**3 - 20*a**2 + 100*a - 170. What is f(5)?
-45
Let c(t) = -172976*t + 6. Determine c(0).
6
Let j(r) = 130*r**2 + 884*r + 5287. Determine j(-6).
4663
Let t(q) = -4*q**2 - 145*q - 1309. Give t(-19).
2
Let f(m) = -m**2 + 24